
11, 29771927
List the prime factors of 3716697802.
2, 59, 181, 174019
List the prime factors of 414305610.
2, 3, 5, 13810187
List the prime factors of 228738791.
17, 13455223
What are the prime factors of 1116268787?
1116268787
What are the prime factors of 6664751062?
2, 10093, 330167
List the prime factors of 54147270.
2, 3, 5, 173, 10433
What are the prime factors of 72142691?
29, 43, 57853
List the prime factors of 518777259.
3, 7, 11, 13, 23, 29, 37
List the prime factors of 253765153.
751, 337903
List the prime factors of 1349873925.
3, 5, 383, 46993
List the prime factors of 119734418.
2, 811, 73819
List the prime factors of 35991268.
2, 97, 92761
List the prime factors of 538237888.
2, 101, 83267
List the prime factors of 57697521.
3, 7, 61, 73, 617
What are the prime factors of 4207001646?
2, 3, 701166941
What are the prime factors of 136601220?
2, 3, 5, 7, 97, 479
What are the prime factors of 99849752?
2, 12481219
What are the prime factors of 632385237?
3, 11, 19163189
What are the prime factors of 896943791?
3557, 252163
List the prime factors of 46892273.
17, 162257
List the prime factors of 331347523.
13, 25488271
List the prime factors of 846397318.
2, 13, 32553743
List the prime factors of 105852557.
17, 6226621
What are the prime factors of 13662228?
2, 3, 1138519
List the prime factors of 193645985.
5, 13, 43, 79, 877
List the prime factors of 477139340.
2, 5, 17, 1403351
What are the prime factors of 27542979?
3, 479, 6389
List the prime factors of 2065445391.
3, 59, 11669183
What are the prime factors of 107047185?
3, 5, 7, 31, 32887
What are the prime factors of 80175681?
3, 73, 122033
What are the prime factors of 1187023999?
7, 139, 1219963
List the prime factors of 2799338073.
3, 7, 23, 263, 22037
List the prime factors of 490418313.
3, 7, 11, 37, 1171
List the prime factors of 820633962.
2, 3, 17, 151, 53281
What are the prime factors of 53323161?
3, 17774387
List the prime factors of 173825269.
59, 67, 43973
List the prime factors of 70747383.
3, 7, 3368923
List the prime factors of 5471574130.
2, 5, 11, 29, 43, 113, 353
List the prime factors of 4529333355.
3, 5, 37, 8160961
List the prime factors of 56546776.
2, 11, 13, 49429
What are the prime factors of 243766085?
5, 457, 106681
List the prime factors of 211088538.
2, 3, 71, 55057
List the prime factors of 2011903283.
13, 154761791
List the prime factors of 222479474.
2, 7, 19, 29, 151, 191
What are the prime factors of 226715546?
2, 137, 827429
List the prime factors of 1334794768.
2, 83424673
List the prime factors of 740418551.
541, 1153, 1187
List the prime factors of 4089165949.
11, 31, 11991689
List the prime factors of 47670194.
2, 11, 13, 166679
What are the prime factors of 1070403556?
2, 251, 1066139
What are the prime factors of 25826920?
2, 5, 7, 13177
List the prime factors of 27864182.
2, 37, 193, 1951
What are the prime factors of 277019715?
3, 5, 7, 19, 191, 727
What are the prime factors of 317595?
3, 5, 31, 683
List the prime factors of 8564199.
3, 7, 47, 8677
What are the prime factors of 7610559?
3, 11, 211, 1093
What are the prime factors of 1792094079?
3, 19, 127, 281, 881
List the prime factors of 42768732.
2, 3, 3564061
List the prime factors of 37152798.
2, 3, 6192133
List the prime factors of 50690121.
3, 16896707
What are the prime factors of 620148302?
2, 310074151
List the prime factors of 11181309.
3, 3727103
List the prime factors of 61932035.
5, 11, 102367
What are the prime factors of 115209483?
3, 19, 2021219
List the prime factors of 127235054.
2, 41, 1551647
List the prime factors of 309073794.
2, 3, 51512299
What are the prime factors of 626622100?
2, 5, 13, 482017
What are the prime factors of 67915763?
67915763
List the prime factors of 2014597007.
2014597007
List the prime factors of 505123831.
127, 3977353
What are the prime factors of 229469197?
10937, 20981
What are the prime factors of 535549360?
2, 5, 6694367
List the prime factors of 4765392885.
3, 5, 11, 23, 509, 2467
What are the prime factors of 323151447?
3, 107717149
What are the prime factors of 1551301202?
2, 11, 53, 227, 5861
List the prime factors of 169966176.
2, 3, 1770481
List the prime factors of 1906318.
2, 563, 1693
List the prime factors of 233892519.
3, 7, 11137739
List the prime factors of 798364605.
3, 5, 53224307
What are the prime factors of 1762498369?
30977, 56897
List the prime factors of 130549962.
2, 3, 21758327
List the prime factors of 301498384.
2, 11, 19, 29, 3109
List the prime factors of 49652890.
2, 5, 7, 19, 37, 1009
List the prime factors of 271506849.
3, 59, 1533937
List the prime factors of 1149309725.
5, 37, 33581
List the prime factors of 5191345.
5, 1038269
What are the prime factors of 39576091?
39576091
List the prime factors of 1327674075.
3, 5, 7, 13, 17, 11443
List the prime factors of 210989748.
2, 3, 3547, 4957
List the prime factors of 1048974394.
2, 13, 40345169
List the prime factors of 2616572.
2, 7, 17, 23, 239
What are the prime factors of 173473254?
2, 3, 167, 57709
List the prime factors of 75824037.
3, 61, 138113
What are the prime factors of 80873765?
5, 7, 330097
List the prime factors of 2846270100.
2, 3, 5, 1319, 7193
List the prime factors of 10332570.
2, 3, 5, 163, 2113
List the prime factors of 125168874.
2, 3, 4241, 4919
List the prime factors of 4439027.
19, 167, 1399
What are the prime factors of 2919417398?
2, 67, 1801, 12097
What are the prime factors of 3153698381?
8011, 393671
List the prime factors of 67632717.
3, 53, 425363
List the prime factors of 5707771075.
5, 228310843
List the prime factors of 184212056.
2, 7, 71, 107, 433
List the prime factors of 23107809.
3, 29, 265607
What are the prime factors of 139793928?
2, 3, 41, 142067
What are the prime factors of 433631485?
5, 7, 3163, 3917
What are the prime factors of 2351426426?
2, 1175713213
What are the prime factors of 45438641?
197, 230653
List the prime factors of 6723252.
2, 3, 186757
What are the prime factors of 64898?
2, 37, 877
List the prime factors of 129233405.
5, 7, 17, 217199
What are the prime factors of 80468157?
3, 7, 11, 17, 31, 661
What are the prime factors of 697760328?
2, 3, 1123, 25889
List the prime factors of 14145803.
7, 37, 54617
List the prime factors of 33731549.
1657, 20357
What are the prime factors of 2973419110?
2, 5, 503, 591137
List the prime factors of 1023437463.
3, 23, 29, 511463
List the prime factors of 193917892.
2, 7, 989377
What are the prime factors of 27084141?
3, 7, 429907
List the prime factors of 145537587.
3, 13, 19, 139, 157
List the prime factors of 11013962.
2, 97, 56773
What are the prime factors of 308754983?
308754983
What are the prime factors of 3293765976?
2, 3, 19, 7223171
List the prime factors of 142186331.
7, 2399, 8467
List the prime factors of 156917801.
156917801
What are the prime factors of 2361118217?
7307, 323131
List the prime factors of 11961699.
3, 103, 38711
List the prime factors of 432763793.
7, 11, 1823, 3083
What are the prime factors of 1252109110?
2, 5, 7, 2357, 7589
What are the prime factors of 111317440?
2, 5, 13, 26759
What are the prime factors of 241391630?
2, 5, 2063, 11701
What are the prime factors of 235739874?
2, 3, 47, 835957
What are the prime factors of 3891473871?
3, 16493, 78649
What are the prime factors of 193297585?
5, 13, 2973809
What are the prime factors of 3255517651?
47, 69266333
What are the prime factors of 107576916?
2, 3, 61, 281, 523
List the prime factors of 34058019.
3, 37, 306829
List the prime factors of 689819371.
199, 3466429
List the prime factors of 2452098887.
7, 17, 20605873
List the prime factors of 3420750979.
3420750979
What are the prime factors of 55031985?
3, 5, 23, 53171
What are the prime factors of 26184483?
3, 13, 163, 1373
What are the prime factors of 376772694?
2, 3, 7237, 8677
What are the prime factors of 37211697?
3, 863, 1597
List the prime factors of 3694895071.
7, 527842153
What are the prime factors of 333975869?
257, 823, 1579
List the prime factors of 1968829966.
2, 101, 353, 27611
What are the prime factors of 31760595?
3, 5, 461, 1531
List the prime factors of 3781012506.
2, 3, 630168751
What are the prime factors of 1021971093?
3, 11, 13, 2382217
List the prime factors of 585652344.
2, 3, 2440218